y u?
118
Let t = -9 - -15. Let d be t - (3 + (1 - 8)). What is the remainder when 20 is divided by d/4*198/45?
9
Let s(n) = -n**2 + 11*n + 47. What is the remainder when 516 is divided by s(11)?
46
Let t(a) = 9*a**3 + 2*a**2 + 2*a - 4. What is the remainder when 383 is divided by t(1)?
5
Suppose 396*v = 403*v - 238. What is the remainder when 255 is divided by v?
17
Suppose 0 = 5*m - 14*m + 1836. What is the remainder when m is divided by 15?
9
Let z(k) be the second derivative of k**5/20 + k**4/6 - k**3/3 - 3*k**2/2 - 2*k. Calculate the remainder when z(3) is divided by (-6)/10 - (-98)/20*4.
17
Let v = -197 + 473. What is the remainder when v is divided by 55?
1
Let y = -2 - 0. Let j be -2 - y - (-19)/(-1). Let z = j + 21. Calculate the remainder when 4 is divided by z.
0
Let l = -29 + 25. Calculate the remainder when 12 is divided by (-1 - l)/((-6)/(-10)).
2
Suppose 0 = 4*b - 8*b + 68. What is the remainder when 66 is divided by b?
15
What is the remainder when -8 - (-132 - (-15 + 9)) is divided by 20?
18
Calculate the remainder when 150 is divided by (-56)/(-28)*1/(-4)*-26.
7
Suppose 0 = -3*a - 0*a + 12. Suppose 0 = a*k - 8. What is the remainder when k is divided by (-3 - -1)/(4 + -5)?
0
Let p(m) = m**3 - m**2 + m - 1. Calculate the remainder when 326/10 - 99/165 is divided by p(2).
2
Let w = 3785 - 3706. Let v = 50 + -30. What is the remainder when w is divided by v?
19
Let m(f) be the second derivative of -f**4/12 - 11*f**3/3 + 15*f**2 - 17*f. What is the remainder when m(-19) is divided by 22?
21
What is the remainder when -1 - 0/3 - -69 is divided by (2/4)/((-10)/20)*-23?
22
Suppose 4*z - 5*p - 1176 = 0, -2*z = -3*z + p + 295. Calculate the remainder when z is divided by 12.
11
Suppose 2*x - 6*x = 4, -3*x - 18 = -3*c. Suppose c*u = -7*u + 168. Calculate the remainder when 38 is divided by u.
10
Suppose 0 = 3*d - 5*n - 28, -d - 5*n + 27 = d. What is the remainder when 15 is divided by -2*(d/(-2) + 1)?
6
Let h = -62 + 42. Let y(g) = -g - 9. Let w be y(-10). What is the remainder when (3/(-12))/(w/h) is divided by 3?
2
Let j be 104/28 + (-10)/(-35). Calculate the remainder when 47 is divided by j + 6/((-12)/(-26)).
13
Let k(x) be the first derivative of 5*x**2 - x + 4. Let w be k(1). Let s(r) = 3*r + 20. What is the remainder when s(w) is divided by 12?
11
Suppose -9*b + 2*b = -105. Suppose 3*k = -b + 78. Calculate the remainder when 103 is divided by k.
19
Calculate the remainder when 22 - (-6 - (3 - 30/5)) is divided by 2/(-2) + 10 + 0.
7
Calculate the remainder when (127440/(-63))/(-3) - (-4)/(-14) is divided by 26.
24
Let h(m) = 3*m + 41. Let t(n) = n + 14. Let g(r) = 3*h(r) - 8*t(r). Suppose -204 = -4*a - 52. What is the remainder when a is divided by g(9)?
18
Let s be (-824)/(-32) + (-1)/(-4). Suppose -3*m - 22 = k, s = -4*m - 4*k - 14. Let l(t) = t**2 - 8*t - 2. What is the remainder when l(m) is divided by 28?
26
Calculate the remainder when ((-4)/(-6))/(5 + (-130493)/26103) is divided by 36.
35
Let y(q) = -2*q**2 + 3*q + 9. Let g be y(-3). Calculate the remainder when 41 is divided by (-12)/g - 183/(-9).
20
Suppose 32 - 78 = -2*h. Let l = -12 + 82. Let i = l - h. Calculate the remainder when i is divided by 25.
22
Let h(q) be the first derivative of 53*q**2/2 + 4*q - 16. Let x be 6/27 - 32/(-18). Calculate the remainder when h(x) is divided by 28.
26
Let l(j) = -8*j - 35. Let o = 143 + -121. What is the remainder when l(-14) is divided by o?
11
Let s(a) = -20*a. Let d be s(-1). Let n = d - 6. What is the remainder when (16 - -32) + (-2)/4*-12 is divided by n?
12
Let i be (7 - 4) + -3 + 1. Let z be i + 1 + -5 + 64. Let u = -34 + z. Calculate the remainder when u is divided by 15.
12
Suppose 4*p = -2*p - 246. Let c = -31 - p. Let h = 121 + -82. What is the remainder when h is divided by c?
9
Suppose 0 = -f + 5 - 6. Calculate the remainder when f + 3 + -1 + 29 is divided by 16.
14
Suppose -2*d + 5*q = -58, 3*d + 4*q + 0*q = 87. Let x be (-8 - -14)/(2/12). Suppose 37*f - 54 = x*f. What is the remainder when f is divided by d?
25
Let n(c) = 7*c**3 - 8*c**2 + 5. Calculate the remainder when n(6) is divided by 16.
13
Let z(b) = -b**3 + 9*b**2 + 4*b - 9. Let i be z(9). Let h = 55 - i. What is the remainder when 27 is divided by (h/(-16))/(1/(-4))?
6
Suppose r + 532 = 29*r. Calculate the remainder when 98 is divided by r.
3
Let a be 2*(-9)/(-6) + -4. Let h be (-45)/15 + (18 - a). Suppose 3*t + h = 130. Calculate the remainder when t is divided by 10.
8
Suppose 5*k - 2*x - 1 = 0, -2*k = -0*k + 5*x - 12. Let p = -131 + 132. What is the remainder when k is divided by p?
0
Let f(l) = -7*l - 42. What is the remainder when f(-19) is divided by 19?
15
Let t(h) = h**3 + h**2 + h - 6. What is the remainder when 92 is divided by t(3)?
26
Let x = 25 - 9. Suppose -4*s + 28 = -20. Suppose 5*h + 71 - 377 = -2*v, 0 = -4*v + s. What is the remainder when h is divided by x?
12
Let q = 847 + -750. Suppose 0 = 5*g + 59 - 169. Suppose 5*b = 5*i + 125, 4*b - i = 122 - g. What is the remainder when q is divided by b?
22
Let g be (24/(-9))/(4/(-6)). Let v be (2/(-3))/(g/(-96)). Let r = -11 + v. What is the remainder when 8 is divided by r?
3
Suppose -8 = 4*k + y, y + 2 = 5*k + 12. What is the remainder when 49 is divided by ((-24)/10 - k)/(12/(-840))?
21
Suppose 526*o - 514*o = 408. What is the remainder when 98 is divided by o?
30
Let y(r) = 12*r**2 + 4*r - 10. Calculate the remainder when y(-3) is divided by 48.
38
Let t(r) = 4*r + 17. Let n(o) = 5*o + 18. Let g(m) = -3*n(m) + 4*t(m). What is the remainder when 18 is divided by g(-9)?
3
Let h(d) = -d**2 - 6*d + 1. Let m be h(-5). Let k(s) = 3 - 3 + s**2 + 2*s. Calculate the remainder when k(m) is divided by 25.
23
Suppose 13 - 368 = -5*b. Let c = b + 62. What is the remainder when c is divided by 34?
31
Suppose 217*q = 221*q - 404. What is the remainder when q is divided by 30?
11
Let w = 12 - 7. Suppose 195 = w*g - 0*g. Suppose 349433 - 349739 = -2*l. What is the remainder when l is divided by g?
36
Let m be (8/5)/((-4)/(-370)). Suppose 12*l - m = -4. What is the remainder when 45 is divided by l?
9
What is the remainder when 4/(-2)*56*(8 - 10) is divided by 73?
5
Let g = 14 - 6. Suppose 0 = 2*y - 3*l + 16, g*y - 3*l + 22 = 3*y. What is the remainder when 13 is divided by (7/y)/(4/(-8))?
6
Let d(p) = p**2 + p + 2. Let x be d(-3). Suppose 4*k = 7*q - 3*q + 268, -k - 2*q + 67 = 0. What is the remainder when k is divided by (33 - x) + (-3 - -1)?
21
Let b(c) = -c**3 + 9*c**2 - 2*c - 12. Let q be b(6). Suppose q = -2*f + 5*f. What is the remainder when 108 is divided by f?
24
Let z(f) = -f**3 - 8*f**2 + 7*f - 34. Let w be z(-10). Let d = w - 88. What is the remainder when 47 is divided by d?
7
Suppose -4*n + 7 = -r + 2*r, 6 = 4*n + 2*r. Suppose -4*t - 2*c = -74, -7*c + n*c = t - 41. Calculate the remainder when t is divided by 10.
6
Suppose -23*s + 19*s - 9 = -3*m, -4*m + 3*s = -26. Suppose -3*z - 2*z - 5 = 0. Let o = 8 + z. What is the remainder when m is divided by o?
4
Let z = 9 + -7. Suppose -z*m - 124 = -4*m. What is the remainder when m is divided by 16?
14
Let w = 38 - 27. Calculate the remainder when w is divided by (2 - (-2)/1) + 3.
4
Let q(g) = 4*g**2 - 2*g**2 + 3 - g**3 - g + 4*g**2. Calculate the remainder when q(3) is divided by 4.
3
Let z = -205 + 489. Suppose 0 = c - x - 69, -3*c - 81 = -x - z. Calculate the remainder when c is divided by (-1)/(12/(-284)) + 4/(-6).
21
Let c be (41 - -4) + (0 - 0). Suppose -75 = -2*j - 21. What is the remainder when 107 is divided by j/15*c/3?
26
Let m = -67 + 67. Suppose 2*y + 2*a - 66 = m, 3*y + a - 127 = 5*a. What is the remainder when y is divided by 13?
11
Suppose 2*o = -3*i, 3*o + 4*i = 1 - 0. Suppose o*j = 9 - 3. Calculate the remainder when 19 is divided by j.
1
Let z(b) = -50*b + 2. Let n be z(2). Let w be n/(-21) + 4/(-6). Suppose -w*f = -f - 42. Calculate the remainder when 26 is divided by f.
12
Suppose -4*n = -n - 213. Suppose -n = -4*d + 137. Suppose 5*g = g + d. Calculate the remainder when g is divided by 8.
5
Suppose -5 = -4*r - 5*p, 0 = 3*r - 3*p - 27 + 3. Suppose -s = -4*a - 5, -4*s - 4 - 18 = 5*a. Calculate the remainder when a/(-4)*(-1 + 47) is divided by r.
3
Suppose 0 = -2*g - 7 + 21. Suppose 9 = -5*o + 2*o, 2*o = -i + 2. Suppose -i*n = -